{"id":347,"date":"2021-05-04T07:50:51","date_gmt":"2021-05-04T07:50:51","guid":{"rendered":"http:\/\/www.labrisk.cz\/?page_id=347"},"modified":"2024-06-03T08:39:09","modified_gmt":"2024-06-03T08:39:09","slug":"potrebuji-podklady-pro-krizovy-ci-havarijni-plan-nebo-digitalni-mapovy-projekt","status":"publish","type":"page","link":"https:\/\/www.labrisk.cz\/index.php\/potrebuji-podklady-pro-krizovy-ci-havarijni-plan-nebo-digitalni-mapovy-projekt\/","title":{"rendered":"# Havarijn\u00ed a krizov\u00e9 pl\u00e1ny, pl\u00e1ny kontinuity provoz\u016f a \u010dinnost\u00ed, pl\u00e1ny fyzick\u00e9 ochrany, digit\u00e1ln\u00ed mapy"},"content":{"rendered":"\n<p><\/p>\n\n\n\n<ul>\n<li>Jste-li provozovatelem subjektu kritick\u00e9 infrastruktury.<\/li>\n\n\n\n<li>Pokud pot\u0159ebujete nov\u00fd havarijn\u00ed nebo krizov\u00fd pl\u00e1n nebo jeho aktualizaci.<\/li>\n\n\n\n<li>Pokud chcete pl\u00e1n fyzick\u00e9 ochrany nebo revizi pl\u00e1nu fyzick\u00e9 ochrany.<\/li>\n\n\n\n<li>Pokud pot\u0159ebujete posouzen\u00ed a budov\u00e1n\u00ed resilience.<\/li>\n\n\n\n<li>Pokud pot\u0159ebujete aktualizaci pl\u00e1nu kontinuity \u010dinnost\u00ed \/ podnik\u00e1n\u00ed (BCM).<\/li>\n\n\n\n<li>Pokud pot\u0159ebujete vytvo\u0159it nebo aktualizovat mapovou podporu pro Va\u0161e pl\u00e1ny v prost\u0159ed\u00ed ESRI ArcGIS nebo QGIS.<\/li>\n\n\n\n<li>V\u00edce informac\u00ed naleznete tak\u00e9 na na\u0161ich nov\u00fdch webov\u00fdch str\u00e1nk\u00e1ch, zam\u011b\u0159en\u00fdch na potenci\u00e1ln\u00ed \u010desk\u00e9 klienty: <a href=\"https:\/\/www.kriticka-infrastruktura.cz\/\" target=\"_blank\" rel=\"noreferrer noopener\">kriticka-infrastruktura.cz<\/a><\/li>\n<\/ul>\n\n\n\n<p><strong>Pro\u010d si vybrat pr\u00e1v\u011b n\u00e1s?<\/strong><\/p>\n\n\n\n<ul>\n<li>Z\u00edsk\u00e1te komplexn\u00ed servis od zku\u0161en\u00fdch, multioborov\u011b vzd\u011blan\u00fdch odborn\u00edk\u016f, p\u016fsob\u00edc\u00edch tak\u00e9 v oblasti VaV a dal\u0161\u00edch organizac\u00edch (V\u0160B-TUO, AMBIS V\u0160, a.s., &#8230;).<\/li>\n\n\n\n<li>Klademe d\u016fraz na individu\u00e1ln\u00ed p\u0159\u00edstup ke klient\u016fm.<\/li>\n\n\n\n<li>Bereme omezen\u00fd po\u010det klient\u016f a sna\u017e\u00edme se dodr\u017eovat term\u00edny.<\/li>\n<\/ul>\n\n\n\n<figure class=\"wp-block-image size-full\"><img fetchpriority=\"high\" decoding=\"async\" width=\"1024\" height=\"412\" src=\"http:\/\/www.labrisk.cz\/wp-content\/uploads\/2024\/05\/Real-time-major-accident-investigation_includig-contextual-help_1024x412.jpg\" alt=\"\" class=\"wp-image-531\" srcset=\"https:\/\/www.labrisk.cz\/wp-content\/uploads\/2024\/05\/Real-time-major-accident-investigation_includig-contextual-help_1024x412.jpg 1024w, https:\/\/www.labrisk.cz\/wp-content\/uploads\/2024\/05\/Real-time-major-accident-investigation_includig-contextual-help_1024x412-300x121.jpg 300w, https:\/\/www.labrisk.cz\/wp-content\/uploads\/2024\/05\/Real-time-major-accident-investigation_includig-contextual-help_1024x412-768x309.jpg 768w, https:\/\/www.labrisk.cz\/wp-content\/uploads\/2024\/05\/Real-time-major-accident-investigation_includig-contextual-help_1024x412-1x1.jpg 1w, https:\/\/www.labrisk.cz\/wp-content\/uploads\/2024\/05\/Real-time-major-accident-investigation_includig-contextual-help_1024x412-600x241.jpg 600w\" sizes=\"(max-width: 1024px) 100vw, 1024px\" \/><\/figure>\n\n\n\n<p><strong>Postup realizace slu\u017eeb<\/strong><\/p>\n\n\n\n<ul>\n<li>Kontaktov\u00e1n\u00ed z Va\u0161\u00ed strany. Vypl\u0148te&nbsp;<a href=\"https:\/\/www.labrisk.cz\/index.php\/poptavka\/\">popt\u00e1vkov\u00fd formul\u00e1\u0159<\/a>&nbsp;nebo napi\u0161te e-mail s Va\u0161\u00ed popt\u00e1vkou, kontaktn\u00edmi \u00fadaji p\u0159\u00edpadn\u011b n\u00e1m zavolejte. Tak\u00e9 je mo\u017en\u00e9 objednat z\u00e1kladn\u00ed bal\u00ed\u010dek slu\u017eeb v na\u0161em e-shopu a d\u00e1le se domluvit.<\/li>\n\n\n\n<li>Zpracov\u00e1n\u00ed cenov\u00e9 nab\u00eddky. Spole\u010dn\u011b domluv\u00edme dle kontextu popt\u00e1vky rozsah slu\u017eeb a p\u0159iprav\u00edme V\u00e1m cenovou nab\u00eddku.<\/li>\n\n\n\n<li>Objedn\u00e1vka \/ smlouva. Po ujasn\u011bn\u00ed parametr\u016f a term\u00ednu zak\u00e1zky za\u0161lete bu\u010f z\u00e1vaznou objedn\u00e1vku nebo uzav\u0159eme smlouvu.<\/li>\n\n\n\n<li>Vlastn\u00ed realizace slu\u017eby. Dle term\u00edn\u016f za\u010dneme s realizac\u00ed zak\u00e1zky.<\/li>\n<\/ul>\n\n\n\n<p><\/p>\n\n\n\n<p><\/p>\n\n\n\n<p><\/p>\n\n\n<\/p>","protected":false},"excerpt":{"rendered":"<p>Pro\u010d si vybrat pr\u00e1v\u011b n\u00e1s? Postup realizace slu\u017eeb<\/p>\n","protected":false},"author":1,"featured_media":0,"parent":0,"menu_order":0,"comment_status":"closed","ping_status":"closed","template":"","meta":{"footnotes":""},"yoast_head":"<!-- This site is optimized with the Yoast SEO plugin v22.5 - https:\/\/yoast.com\/wordpress\/plugins\/seo\/ -->\n<title># Havarijn\u00ed a krizov\u00e9 pl\u00e1ny, pl\u00e1ny kontinuity provoz\u016f a \u010dinnost\u00ed, pl\u00e1ny fyzick\u00e9 ochrany, digit\u00e1ln\u00ed mapy - LabR!SK.cz<\/title>\n<meta name=\"robots\" content=\"index, follow, max-snippet:-1, max-image-preview:large, max-video-preview:-1\" \/>\n<link rel=\"canonical\" href=\"https:\/\/www.labrisk.cz\/index.php\/potrebuji-podklady-pro-krizovy-ci-havarijni-plan-nebo-digitalni-mapovy-projekt\/\" \/>\n<meta property=\"og:locale\" content=\"en_US\" \/>\n<meta property=\"og:type\" content=\"article\" \/>\n<meta property=\"og:title\" content=\"# Havarijn\u00ed a krizov\u00e9 pl\u00e1ny, pl\u00e1ny kontinuity provoz\u016f a \u010dinnost\u00ed, pl\u00e1ny fyzick\u00e9 ochrany, digit\u00e1ln\u00ed mapy - LabR!SK.cz\" \/>\n<meta property=\"og:description\" content=\"Pro\u010d si vybrat pr\u00e1v\u011b n\u00e1s? Postup realizace slu\u017eeb\" \/>\n<meta property=\"og:url\" content=\"https:\/\/www.labrisk.cz\/index.php\/potrebuji-podklady-pro-krizovy-ci-havarijni-plan-nebo-digitalni-mapovy-projekt\/\" \/>\n<meta property=\"og:site_name\" content=\"LabR!SK.cz\" \/>\n<meta property=\"article:modified_time\" content=\"2024-06-03T08:39:09+00:00\" \/>\n<meta property=\"og:image\" content=\"http:\/\/www.labrisk.cz\/wp-content\/uploads\/2024\/05\/Real-time-major-accident-investigation_includig-contextual-help_1024x412.jpg\" \/>\n<meta name=\"twitter:label1\" content=\"Est. reading time\" \/>\n\t<meta name=\"twitter:data1\" content=\"2 minutes\" \/>\n<script type=\"application\/ld+json\" class=\"yoast-schema-graph\">{\"@context\":\"https:\/\/schema.org\",\"@graph\":[{\"@type\":\"WebPage\",\"@id\":\"https:\/\/www.labrisk.cz\/index.php\/potrebuji-podklady-pro-krizovy-ci-havarijni-plan-nebo-digitalni-mapovy-projekt\/\",\"url\":\"https:\/\/www.labrisk.cz\/index.php\/potrebuji-podklady-pro-krizovy-ci-havarijni-plan-nebo-digitalni-mapovy-projekt\/\",\"name\":\"# Havarijn\u00ed a krizov\u00e9 pl\u00e1ny, pl\u00e1ny kontinuity provoz\u016f a \u010dinnost\u00ed, pl\u00e1ny fyzick\u00e9 ochrany, digit\u00e1ln\u00ed mapy - LabR!SK.cz\",\"isPartOf\":{\"@id\":\"https:\/\/www.labrisk.cz\/#website\"},\"primaryImageOfPage\":{\"@id\":\"https:\/\/www.labrisk.cz\/index.php\/potrebuji-podklady-pro-krizovy-ci-havarijni-plan-nebo-digitalni-mapovy-projekt\/#primaryimage\"},\"image\":{\"@id\":\"https:\/\/www.labrisk.cz\/index.php\/potrebuji-podklady-pro-krizovy-ci-havarijni-plan-nebo-digitalni-mapovy-projekt\/#primaryimage\"},\"thumbnailUrl\":\"http:\/\/www.labrisk.cz\/wp-content\/uploads\/2024\/05\/Real-time-major-accident-investigation_includig-contextual-help_1024x412.jpg\",\"datePublished\":\"2021-05-04T07:50:51+00:00\",\"dateModified\":\"2024-06-03T08:39:09+00:00\",\"breadcrumb\":{\"@id\":\"https:\/\/www.labrisk.cz\/index.php\/potrebuji-podklady-pro-krizovy-ci-havarijni-plan-nebo-digitalni-mapovy-projekt\/#breadcrumb\"},\"inLanguage\":\"en-US\",\"potentialAction\":[{\"@type\":\"ReadAction\",\"target\":[\"https:\/\/www.labrisk.cz\/index.php\/potrebuji-podklady-pro-krizovy-ci-havarijni-plan-nebo-digitalni-mapovy-projekt\/\"]}]},{\"@type\":\"ImageObject\",\"inLanguage\":\"en-US\",\"@id\":\"https:\/\/www.labrisk.cz\/index.php\/potrebuji-podklady-pro-krizovy-ci-havarijni-plan-nebo-digitalni-mapovy-projekt\/#primaryimage\",\"url\":\"https:\/\/www.labrisk.cz\/wp-content\/uploads\/2024\/05\/Real-time-major-accident-investigation_includig-contextual-help_1024x412.jpg\",\"contentUrl\":\"https:\/\/www.labrisk.cz\/wp-content\/uploads\/2024\/05\/Real-time-major-accident-investigation_includig-contextual-help_1024x412.jpg\",\"width\":1024,\"height\":412},{\"@type\":\"BreadcrumbList\",\"@id\":\"https:\/\/www.labrisk.cz\/index.php\/potrebuji-podklady-pro-krizovy-ci-havarijni-plan-nebo-digitalni-mapovy-projekt\/#breadcrumb\",\"itemListElement\":[{\"@type\":\"ListItem\",\"position\":1,\"name\":\"Dom\u016f\",\"item\":\"https:\/\/www.labrisk.cz\/\"},{\"@type\":\"ListItem\",\"position\":2,\"name\":\"# Havarijn\u00ed a krizov\u00e9 pl\u00e1ny, pl\u00e1ny kontinuity provoz\u016f a \u010dinnost\u00ed, pl\u00e1ny fyzick\u00e9 ochrany, digit\u00e1ln\u00ed mapy\"}]},{\"@type\":\"WebSite\",\"@id\":\"https:\/\/www.labrisk.cz\/#website\",\"url\":\"https:\/\/www.labrisk.cz\/\",\"name\":\"LabR!SK.cz\",\"description\":\"Bezpe\u010dn\u011b, resilientn\u011b a udr\u017eiteln\u011b s n\u00e1mi.\",\"potentialAction\":[{\"@type\":\"SearchAction\",\"target\":{\"@type\":\"EntryPoint\",\"urlTemplate\":\"https:\/\/www.labrisk.cz\/?s={search_term_string}\"},\"query-input\":\"required name=search_term_string\"}],\"inLanguage\":\"en-US\"}]}<\/script>\n<!-- \/ Yoast SEO plugin. -->","yoast_head_json":{"title":"# Havarijn\u00ed a krizov\u00e9 pl\u00e1ny, pl\u00e1ny kontinuity provoz\u016f a \u010dinnost\u00ed, pl\u00e1ny fyzick\u00e9 ochrany, digit\u00e1ln\u00ed mapy - LabR!SK.cz","robots":{"index":"index","follow":"follow","max-snippet":"max-snippet:-1","max-image-preview":"max-image-preview:large","max-video-preview":"max-video-preview:-1"},"canonical":"https:\/\/www.labrisk.cz\/index.php\/potrebuji-podklady-pro-krizovy-ci-havarijni-plan-nebo-digitalni-mapovy-projekt\/","og_locale":"en_US","og_type":"article","og_title":"# Havarijn\u00ed a krizov\u00e9 pl\u00e1ny, pl\u00e1ny kontinuity provoz\u016f a \u010dinnost\u00ed, pl\u00e1ny fyzick\u00e9 ochrany, digit\u00e1ln\u00ed mapy - LabR!SK.cz","og_description":"Pro\u010d si vybrat pr\u00e1v\u011b n\u00e1s? Postup realizace slu\u017eeb","og_url":"https:\/\/www.labrisk.cz\/index.php\/potrebuji-podklady-pro-krizovy-ci-havarijni-plan-nebo-digitalni-mapovy-projekt\/","og_site_name":"LabR!SK.cz","article_modified_time":"2024-06-03T08:39:09+00:00","og_image":[{"url":"http:\/\/www.labrisk.cz\/wp-content\/uploads\/2024\/05\/Real-time-major-accident-investigation_includig-contextual-help_1024x412.jpg"}],"twitter_misc":{"Est. reading time":"2 minutes"},"schema":{"@context":"https:\/\/schema.org","@graph":[{"@type":"WebPage","@id":"https:\/\/www.labrisk.cz\/index.php\/potrebuji-podklady-pro-krizovy-ci-havarijni-plan-nebo-digitalni-mapovy-projekt\/","url":"https:\/\/www.labrisk.cz\/index.php\/potrebuji-podklady-pro-krizovy-ci-havarijni-plan-nebo-digitalni-mapovy-projekt\/","name":"# Havarijn\u00ed a krizov\u00e9 pl\u00e1ny, pl\u00e1ny kontinuity provoz\u016f a \u010dinnost\u00ed, pl\u00e1ny fyzick\u00e9 ochrany, digit\u00e1ln\u00ed mapy - LabR!SK.cz","isPartOf":{"@id":"https:\/\/www.labrisk.cz\/#website"},"primaryImageOfPage":{"@id":"https:\/\/www.labrisk.cz\/index.php\/potrebuji-podklady-pro-krizovy-ci-havarijni-plan-nebo-digitalni-mapovy-projekt\/#primaryimage"},"image":{"@id":"https:\/\/www.labrisk.cz\/index.php\/potrebuji-podklady-pro-krizovy-ci-havarijni-plan-nebo-digitalni-mapovy-projekt\/#primaryimage"},"thumbnailUrl":"http:\/\/www.labrisk.cz\/wp-content\/uploads\/2024\/05\/Real-time-major-accident-investigation_includig-contextual-help_1024x412.jpg","datePublished":"2021-05-04T07:50:51+00:00","dateModified":"2024-06-03T08:39:09+00:00","breadcrumb":{"@id":"https:\/\/www.labrisk.cz\/index.php\/potrebuji-podklady-pro-krizovy-ci-havarijni-plan-nebo-digitalni-mapovy-projekt\/#breadcrumb"},"inLanguage":"en-US","potentialAction":[{"@type":"ReadAction","target":["https:\/\/www.labrisk.cz\/index.php\/potrebuji-podklady-pro-krizovy-ci-havarijni-plan-nebo-digitalni-mapovy-projekt\/"]}]},{"@type":"ImageObject","inLanguage":"en-US","@id":"https:\/\/www.labrisk.cz\/index.php\/potrebuji-podklady-pro-krizovy-ci-havarijni-plan-nebo-digitalni-mapovy-projekt\/#primaryimage","url":"https:\/\/www.labrisk.cz\/wp-content\/uploads\/2024\/05\/Real-time-major-accident-investigation_includig-contextual-help_1024x412.jpg","contentUrl":"https:\/\/www.labrisk.cz\/wp-content\/uploads\/2024\/05\/Real-time-major-accident-investigation_includig-contextual-help_1024x412.jpg","width":1024,"height":412},{"@type":"BreadcrumbList","@id":"https:\/\/www.labrisk.cz\/index.php\/potrebuji-podklady-pro-krizovy-ci-havarijni-plan-nebo-digitalni-mapovy-projekt\/#breadcrumb","itemListElement":[{"@type":"ListItem","position":1,"name":"Dom\u016f","item":"https:\/\/www.labrisk.cz\/"},{"@type":"ListItem","position":2,"name":"# Havarijn\u00ed a krizov\u00e9 pl\u00e1ny, pl\u00e1ny kontinuity provoz\u016f a \u010dinnost\u00ed, pl\u00e1ny fyzick\u00e9 ochrany, digit\u00e1ln\u00ed mapy"}]},{"@type":"WebSite","@id":"https:\/\/www.labrisk.cz\/#website","url":"https:\/\/www.labrisk.cz\/","name":"LabR!SK.cz","description":"Bezpe\u010dn\u011b, resilientn\u011b a udr\u017eiteln\u011b s n\u00e1mi.","potentialAction":[{"@type":"SearchAction","target":{"@type":"EntryPoint","urlTemplate":"https:\/\/www.labrisk.cz\/?s={search_term_string}"},"query-input":"required name=search_term_string"}],"inLanguage":"en-US"}]}},"_links":{"self":[{"href":"https:\/\/www.labrisk.cz\/index.php\/wp-json\/wp\/v2\/pages\/347"}],"collection":[{"href":"https:\/\/www.labrisk.cz\/index.php\/wp-json\/wp\/v2\/pages"}],"about":[{"href":"https:\/\/www.labrisk.cz\/index.php\/wp-json\/wp\/v2\/types\/page"}],"author":[{"embeddable":true,"href":"https:\/\/www.labrisk.cz\/index.php\/wp-json\/wp\/v2\/users\/1"}],"replies":[{"embeddable":true,"href":"https:\/\/www.labrisk.cz\/index.php\/wp-json\/wp\/v2\/comments?post=347"}],"version-history":[{"count":34,"href":"https:\/\/www.labrisk.cz\/index.php\/wp-json\/wp\/v2\/pages\/347\/revisions"}],"predecessor-version":[{"id":688,"href":"https:\/\/www.labrisk.cz\/index.php\/wp-json\/wp\/v2\/pages\/347\/revisions\/688"}],"wp:attachment":[{"href":"https:\/\/www.labrisk.cz\/index.php\/wp-json\/wp\/v2\/media?parent=347"}],"curies":[{"name":"wp","href":"https:\/\/api.w.org\/{rel}","templated":true}]}}